on factor of 35646 and 195.
39
Calculate the greatest common factor of 1131896 and 1208.
1208
Calculate the greatest common divisor of 1479 and 16008.
87
What is the highest common divisor of 1871216 and 1712?
1712
What is the greatest common divisor of 23628 and 396?
132
What is the greatest common factor of 32 and 65684?
4
What is the highest common factor of 1634 and 1653?
19
What is the greatest common divisor of 66 and 838350?
6
What is the greatest common factor of 11316 and 67035?
123
What is the highest common divisor of 80 and 46630?
10
Calculate the greatest common divisor of 38450 and 150.
50
What is the greatest common divisor of 70242 and 2484?
138
Calculate the highest common divisor of 7182 and 27018.
342
What is the greatest common divisor of 693 and 12034?
11
What is the greatest common factor of 275 and 7580?
5
What is the highest common divisor of 32043 and 8250?
33
Calculate the greatest common factor of 15841 and 219.
73
Calculate the highest common factor of 1 and 213247.
1
What is the greatest common divisor of 38012 and 156?
52
What is the highest common divisor of 5875 and 12455?
235
What is the highest common factor of 40638 and 2262?
78
What is the highest common factor of 4375 and 38375?
125
What is the highest common divisor of 6444 and 3780?
36
Calculate the greatest common divisor of 106590 and 2673.
33
Calculate the highest common factor of 204372 and 1008.
252
What is the greatest common divisor of 884 and 15587?
13
What is the highest common divisor of 91 and 340639?
13
What is the highest common factor of 8420 and 275?
5
What is the greatest common divisor of 246 and 3075?
123
What is the greatest common factor of 80 and 475240?
40
What is the greatest common factor of 5681 and 34827?
247
Calculate the greatest common divisor of 4 and 1762.
2
What is the highest common factor of 460049 and 892?
223
What is the highest common factor of 185499 and 36?
9
Calculate the highest common factor of 15 and 246705.
15
Calculate the highest common divisor of 19703 and 224485.
323
Calculate the highest common divisor of 20601 and 38934.
189
Calculate the highest common divisor of 3584 and 3948.
28
What is the greatest common divisor of 38 and 4935839?
19
Calculate the greatest common factor of 34 and 51442.
34
Calculate the highest common divisor of 29044 and 3392.
212
What is the highest common factor of 273 and 22652?
7
What is the highest common factor of 29691 and 81?
9
What is the greatest common divisor of 264 and 4125?
33
Calculate the greatest common factor of 18669 and 381.
381
Calculate the highest common factor of 4437268 and 33.
11
What is the highest common divisor of 180 and 464130?
90
Calculate the highest common divisor of 8284 and 85020.
436
What is the highest common divisor of 370 and 308432?
74
What is the greatest common divisor of 1545 and 1680?
15
Calculate the greatest common divisor of 11368 and 114376.
232
What is the highest common divisor of 2322 and 36450?
54
What is the highest common factor of 28971 and 75924?
999
Calculate the highest common divisor of 31683 and 4189.
59
Calculate the highest common factor of 36 and 53964.
36
What is the highest common factor of 105978 and 1003?
17
What is the highest common divisor of 4 and 15659492?
4
What is the highest common factor of 91 and 2196103?
91
What is the highest common divisor of 51975 and 909?
9
Calculate the highest common divisor of 1474 and 2010.
134
What is the highest common divisor of 2444 and 208?
52
Calculate the greatest common factor of 78 and 32682.
78
Calculate the greatest common divisor of 54 and 342.
18
Calculate the highest common divisor of 616548 and 12.
12
What is the highest common divisor of 28 and 167594?
14
What is the greatest common divisor of 86004 and 36?
36
Calculate the greatest common divisor of 416260 and 20.
20
Calculate the highest common divisor of 36 and 28748.
4
Calculate the highest common factor of 22539 and 1089.
33
What is the greatest common divisor of 9004 and 20?
4
Calculate the highest common divisor of 94888 and 1392.
232
Calculate the highest common factor of 168 and 18921.
21
Calculate the greatest common divisor of 280 and 2764104.
56
What is the greatest common divisor of 2420 and 881980?
220
Calculate the highest common factor of 15768 and 378.
54
Calculate the greatest common factor of 9232 and 184.
8
Calculate the greatest common factor of 120 and 302496.
24
What is the greatest common divisor of 160960 and 20?
20
What is the greatest common factor of 177254 and 44?
22
What is the greatest common factor of 67437 and 2832?
177
Calculate the greatest common factor of 15 and 4415.
5
What is the greatest common divisor of 6 and 271686?
6
Calculate the greatest common divisor of 163 and 821357.
163
Calculate the highest common divisor of 57837 and 3354.
39
What is the greatest common divisor of 13 and 9803?
1
What is the greatest common divisor of 57821 and 134?
67
What is the highest common factor of 76406 and 13409?
253
What is the highest common factor of 2890 and 34850?
170
Calculate the highest common divisor of 622933 and 933.
311
What is the greatest common divisor of 8 and 23208376?
8
What is the greatest common divisor of 44137 and 1111?
101
What is the highest common factor of 63360 and 416790?
990
What is the highest common factor of 400 and 668880?
80
What is the greatest common divisor of 76588 and 123?
41
What is the greatest common divisor of 3960 and 4920?
120
Calculate the highest common divisor of 19817 and 6783.
133
What is the greatest common factor of 6450 and 1550?
50
What is the greatest common factor of 42 and 6334734?
42
Calculate the highest common factor of 814 and 15048.
22
Calculate the greatest common factor of 11 and 460823.
11
Calculate the greatest common factor of 4950 and 1545.
15
Calculate the highest common divisor of 249 and 1461.
3
Calculate the greatest common divisor of 564 and 39.
3
What is the highest common divisor of 72 and 2230812?
36
What is the highest common factor of 3 and 151200?
3
Calculate the highest common factor of 128538 and 1665.
333
What is the highest common divisor of 449464 and 2432?
152
What is the greatest common divisor of 5 and 454945?
5
Calculate the highest common divisor of 340 and 356.
4
Calculate the greatest common factor of 264 and 29832.
264
What is the greatest common factor of 594 and 127314?
198
What is the highest common factor of 869 and 4029?
79
What is the highest common factor of 1826112 and 24?
24
What is the highest common divisor of 324750 and 8250?
750
Calculate the greatest common factor of 25277 and 69.
23
What is the highest common factor of 210 and 105630?
210
Calculate the greatest common factor of 232124 and 36.
4
Calculate the greatest common divisor of 589 and 2432.
19
What is the highest common divisor of 6 and 2523?
3
What is the greatest common factor of 14309 and 1396?
349
What is the greatest common factor of 1665 and 117845?
185
What is the greatest common factor of 64365 and 126?
21
What is the greatest common divisor of 304 and 373559?
19
Calculate the highest common factor of 36662 and 138.
46
Calculate the greatest common divisor of 22520 and 14.
2
Calculate the highest common divisor of 440 and 1274020.
220
Calculate the greatest common factor of 728 and 6812.
52
Calculate the greatest common divisor of 40 and 29912.
8
Calculate the highest common divisor of 4392 and 224.
8
What is the highest common divisor of 147620 and 17995?
305
Calculate the greatest common factor of 210 and 1830.
30
Calculate the highest common factor of 589 and 55879.
19
What is the highest common divisor of 38928 and 625281?
2433
Calculate the greatest common divisor of 2721 and 327.
3
What is the greatest common factor of 1962045 and 90?
45
What is the greatest common divisor of 676 and 7107464?
676
What is the highest common factor of 47557 and 87605?
2503
What is the highest common divisor of 4743200 and 2400?
800
Calculate the greatest common factor of 1125 and 8625.
375
Calculate the greatest common divisor of 3402 and 13851.
243
Calculate the highest common factor of 96 and 80484.
12
What is the highest common factor of 210096 and 144?
144
What is the greatest common divisor of 3860 and 58?
2
Calculate the